 of 1336269 and 429.
33
Calculate the highest common divisor of 348392 and 18876.
44
What is the highest common divisor of 81312449 and 165972?
13831
Calculate the greatest common divisor of 77574224 and 1456.
1456
Calculate the highest common divisor of 444 and 4733632.
148
What is the greatest common factor of 108 and 20451798?
54
What is the greatest common factor of 4389 and 3499287?
627
Calculate the highest common divisor of 199682 and 11424.
238
Calculate the greatest common factor of 2556985 and 1060.
265
Calculate the greatest common divisor of 66904 and 104.
8
Calculate the greatest common factor of 9637 and 9932814.
419
Calculate the greatest common divisor of 9644425 and 50.
25
Calculate the greatest common factor of 95553490 and 104480.
6530
What is the greatest common factor of 166 and 22280852?
166
Calculate the highest common factor of 17 and 21149632.
17
What is the highest common factor of 4386 and 109122?
6
What is the highest common divisor of 102 and 689157730?
34
Calculate the highest common factor of 1991 and 165803.
11
Calculate the highest common divisor of 12 and 13160073.
3
Calculate the greatest common divisor of 34153 and 958783.
833
What is the highest common factor of 317 and 14591?
1
Calculate the highest common factor of 240 and 224082.
6
What is the highest common divisor of 4 and 5117078?
2
What is the highest common divisor of 284220 and 1257?
3
Calculate the greatest common factor of 11652 and 77676.
12
Calculate the greatest common divisor of 147025191 and 3.
3
Calculate the greatest common factor of 750 and 2835380.
10
Calculate the greatest common factor of 1260 and 1428924.
84
Calculate the highest common divisor of 314 and 26747933.
157
Calculate the highest common factor of 26892 and 30470877.
2241
Calculate the highest common divisor of 12285 and 828701055.
4095
Calculate the highest common divisor of 15803136 and 230679.
3249
Calculate the greatest common divisor of 2360850 and 850.
50
What is the greatest common divisor of 348422 and 6194?
38
What is the greatest common divisor of 681395 and 19305?
715
Calculate the highest common divisor of 358027386 and 18.
6
Calculate the greatest common factor of 1632 and 161138784.
1632
Calculate the greatest common divisor of 474202655 and 15.
5
Calculate the highest common factor of 693007350 and 70.
70
Calculate the highest common divisor of 2019975 and 2645.
115
Calculate the greatest common factor of 158300 and 3480.
20
Calculate the highest common factor of 103738073 and 46.
23
Calculate the highest common factor of 98 and 1313599154.
98
Calculate the highest common divisor of 73752 and 159.
3
Calculate the highest common factor of 924 and 12016389.
231
What is the greatest common divisor of 5185626 and 212?
106
What is the highest common factor of 77771283 and 1758?
879
What is the highest common divisor of 1 and 6137354?
1
What is the highest common factor of 1090 and 10?
10
Calculate the highest common factor of 626709 and 153547.
659
What is the greatest common divisor of 146393520 and 2080?
1040
What is the greatest common factor of 2335822624 and 1208?
1208
What is the highest common divisor of 1869836 and 16348?
268
Calculate the highest common divisor of 394612 and 256996.
188
Calculate the highest common divisor of 11706345 and 38115.
315
Calculate the highest common divisor of 22838 and 15143.
19
Calculate the greatest common factor of 9472407 and 14.
7
What is the highest common divisor of 15 and 7434480?
15
Calculate the highest common factor of 271660 and 399755.
85
Calculate the highest common factor of 312828 and 11940.
2388
What is the greatest common factor of 1003 and 11379684?
59
What is the greatest common divisor of 1222 and 85086?
2
Calculate the highest common factor of 34627 and 1026782.
31
What is the greatest common divisor of 8672860 and 336?
28
What is the greatest common divisor of 9800857 and 252806?
3083
Calculate the greatest common factor of 3369336 and 17304.
2472
What is the highest common factor of 92026693 and 2692?
673
Calculate the greatest common factor of 73665 and 17175.
15
What is the greatest common factor of 836 and 76831656?
44
Calculate the highest common divisor of 1736358144 and 14016.
14016
What is the highest common factor of 8781983 and 9541?
203
Calculate the greatest common divisor of 28506 and 143751007.
4751
What is the greatest common divisor of 3876 and 2462331?
51
Calculate the highest common factor of 12878 and 80920831.
137
What is the highest common divisor of 3626 and 5688602?
74
What is the greatest common divisor of 2975480 and 50?
10
Calculate the greatest common factor of 14952 and 97104.
168
What is the highest common divisor of 1764 and 25221?
21
Calculate the highest common divisor of 1840 and 23991740.
20
Calculate the highest common factor of 159583 and 70861.
53
What is the highest common factor of 7826795 and 5?
5
Calculate the greatest common factor of 262562 and 7526.
106
Calculate the greatest common factor of 1015302874 and 318.
106
What is the highest common divisor of 9703302 and 10038?
42
What is the highest common factor of 13530 and 223190?
110
Calculate the greatest common factor of 3549 and 102336.
39
Calculate the highest common divisor of 511016 and 1.
1
What is the greatest common factor of 7878 and 185854746?
606
Calculate the greatest common divisor of 40956 and 217247689.
3413
What is the greatest common divisor of 2215687 and 1305?
29
Calculate the greatest common divisor of 19486956 and 10788.
348
Calculate the highest common factor of 10328 and 1928.
8
Calculate the highest common divisor of 9 and 93638934.
9
What is the greatest common factor of 8698731 and 265?
53
Calculate the greatest common factor of 19036925 and 575.
25
What is the greatest common divisor of 1714 and 287200411?
857
What is the greatest common factor of 225 and 44604216?
9
Calculate the greatest common factor of 27038 and 671.
11
Calculate the greatest common divisor of 344 and 1301524.
172
What is the highest common divisor of 2879746 and 14184?
394
Calculate the greatest common divisor of 67156158 and 821.
821
Calculate the greatest common factor of 938015 and 26.
13
Calculate the highest common factor of 3924 and 253481244.
1308
Calculate the highest common factor of 58473822 and 1353.
33
Calculate the greatest common factor of 3886526 and 1330.
266
Calculate the greatest common factor of 8398026 and 243945.
351
What is the highest common divisor of 5370 and 7005?
15
What is the greatest common factor of 105 and 3200799?
21
Calculate the highest common factor of 8852165 and 49.
7
Calculate the highest common divisor of 1612 and 325936.
52
What is the greatest common factor of 791247 and 4088?
73
Calculate the greatest common divisor of 24 and 1786720.
8
Calculate the greatest common divisor of 453 and 95099649.
453
Calculate the highest common factor of 28 and 800027158.
14
Calculate the highest common factor of 58421 and 12643.
47
What is the highest common factor of 1404270 and 46305?
945
Calculate the highest common divisor of 407 and 31709.
37
Calculate the greatest common divisor of 9419575 and 165.
55
Calculate the greatest common factor of 44 and 20700482.
22
What is the highest common divisor of 8044474 and 214?
214
Calculate the highest common divisor of 23608 and 49874851.
2951
What is the highest common factor of 12663 and 21430017?
4221
Calculate the greatest common factor of 294999 and 161463.
321
What is the greatest common divisor of 452699 and 104?
13
Calculate the greatest common divisor of 85932 and 576786.
1302
What is the highest common factor of 73272348 and 468?
36
Calculate the highest common factor of 2987 and 9193.
29
Calculate the highest common factor of 3332406 and 840.
42
Calculate the highest common divisor of 975359 and 143.
11
Calculate the highest common factor of 133584 and 57699939.
8349
Calculate the highest common divisor of 301 and 13835465.
301
Calculate the greatest common divisor of 797568 and 12060.
804
Calculate the highest common factor of 3151300 and 400.
100
What is the highest common divisor of 412249488 and 3360?
336
Calculate the greatest common factor of 75 and 176350455.
15
Calculate the greatest common divisor of 6611 and 39292.
11